{"id":5,"date":"2016-12-27T19:43:09","date_gmt":"2016-12-27T18:43:09","guid":{"rendered":"https:\/\/fliegendehomberger.wordpress.com\/?page_id=2"},"modified":"2025-11-09T22:47:57","modified_gmt":"2025-11-09T21:47:57","slug":"willkommen-bei-den-fliegende-homberger-showgruppen-im-homberger-tv","status":"publish","type":"page","link":"https:\/\/fliegende-homberger.de\/","title":{"rendered":"Die Fliegenden Homberger"},"content":{"rendered":"\n<div class=\"wp-block-columns has-2-columns\">\n<div class=\"wp-block-column\">\n<p><strong><em>Showakrobatik auf h\u00f6chstem Niveau<\/em><\/strong> Die Fliegenden Homberger, dass sind mehr als 500 junge und jung gebliebene Duisburger Showakrobaten am linken Niederrhein, die seit 2003, von Stephanie Dortelmann gegr\u00fcndet, vor allem eines verbindet:\u00a0Die Freude an Show und Akrobatik!<\/p>\n\n\n\n<p>Das Aush\u00e4ngeschild ist das Showkader, das die Fliegenden Homberger auf nationalen wie internationalen B\u00fchnen, Events und Wettbewerben vertritt und mittlerweile seit Jahren zu den erfolgreichsten Showgruppen Deutschlands geh\u00f6rt.<a href=\"https:\/\/apps.hombergertv.de\/www.fliegende-homberger.de\/index.php\/die-fliegenden-homberger\/\"> (Erfahren Sie mehr)<\/a><\/p>\n<\/div>\n\n\n\n<div class=\"wp-block-column\">\n<figure class=\"wp-block-image size-large\"><img data-attachment-id=\"1965\" data-permalink=\"https:\/\/fliegende-homberger.de\/index.php\/willkommen-bei-den-fliegende-homberger-showgruppen-im-homberger-tv\/6bec3d67-70da-4511-8ff7-3f29425eb898_rw_1920-2-2\/\" data-orig-file=\"https:\/\/fliegende-homberger.de\/wp-content\/uploads\/2024\/01\/6bec3d67-70da-4511-8ff7-3f29425eb898_rw_1920-2.jpg\" data-orig-size=\"1365,2048\" data-comments-opened=\"0\" data-image-meta=\"{&quot;aperture&quot;:&quot;0&quot;,&quot;credit&quot;:&quot;&quot;,&quot;camera&quot;:&quot;&quot;,&quot;caption&quot;:&quot;&quot;,&quot;created_timestamp&quot;:&quot;0&quot;,&quot;copyright&quot;:&quot;&quot;,&quot;focal_length&quot;:&quot;0&quot;,&quot;iso&quot;:&quot;0&quot;,&quot;shutter_speed&quot;:&quot;0&quot;,&quot;title&quot;:&quot;&quot;,&quot;orientation&quot;:&quot;0&quot;}\" data-image-title=\"6bec3d67-70da-4511-8ff7-3f29425eb898_rw_1920-2\" data-image-description=\"\" data-image-caption=\"\" data-medium-file=\"https:\/\/fliegende-homberger.de\/wp-content\/uploads\/2024\/01\/6bec3d67-70da-4511-8ff7-3f29425eb898_rw_1920-2-200x300.jpg\" data-large-file=\"https:\/\/fliegende-homberger.de\/wp-content\/uploads\/2024\/01\/6bec3d67-70da-4511-8ff7-3f29425eb898_rw_1920-2-683x1024.jpg\" loading=\"lazy\" width=\"683\" height=\"1024\" src=\"https:\/\/fliegende-homberger.de\/wp-content\/uploads\/2024\/01\/6bec3d67-70da-4511-8ff7-3f29425eb898_rw_1920-2-683x1024.jpg\" alt=\"\" class=\"wp-image-1965\" srcset=\"https:\/\/fliegende-homberger.de\/wp-content\/uploads\/2024\/01\/6bec3d67-70da-4511-8ff7-3f29425eb898_rw_1920-2-683x1024.jpg 683w, https:\/\/fliegende-homberger.de\/wp-content\/uploads\/2024\/01\/6bec3d67-70da-4511-8ff7-3f29425eb898_rw_1920-2-200x300.jpg 200w, https:\/\/fliegende-homberger.de\/wp-content\/uploads\/2024\/01\/6bec3d67-70da-4511-8ff7-3f29425eb898_rw_1920-2-768x1152.jpg 768w, https:\/\/fliegende-homberger.de\/wp-content\/uploads\/2024\/01\/6bec3d67-70da-4511-8ff7-3f29425eb898_rw_1920-2-1024x1536.jpg 1024w, https:\/\/fliegende-homberger.de\/wp-content\/uploads\/2024\/01\/6bec3d67-70da-4511-8ff7-3f29425eb898_rw_1920-2.jpg 1365w\" sizes=\"(max-width: 683px) 100vw, 683px\" \/><\/figure>\n<\/div>\n<\/div>\n\n\n\n<div class=\"wp-block-image\"><figure class=\"aligncenter is-resized\"><img data-attachment-id=\"1715\" data-permalink=\"https:\/\/fliegende-homberger.de\/index.php\/willkommen-bei-den-fliegende-homberger-showgruppen-im-homberger-tv\/unbenannt\/\" data-orig-file=\"https:\/\/fliegende-homberger.de\/wp-content\/uploads\/2020\/08\/Unbenannt.jpg\" data-orig-size=\"714,505\" data-comments-opened=\"0\" data-image-meta=\"{&quot;aperture&quot;:&quot;0&quot;,&quot;credit&quot;:&quot;&quot;,&quot;camera&quot;:&quot;&quot;,&quot;caption&quot;:&quot;&quot;,&quot;created_timestamp&quot;:&quot;0&quot;,&quot;copyright&quot;:&quot;&quot;,&quot;focal_length&quot;:&quot;0&quot;,&quot;iso&quot;:&quot;0&quot;,&quot;shutter_speed&quot;:&quot;0&quot;,&quot;title&quot;:&quot;&quot;,&quot;orientation&quot;:&quot;0&quot;}\" data-image-title=\"Unbenannt\" data-image-description=\"\" data-image-caption=\"\" data-medium-file=\"https:\/\/fliegende-homberger.de\/wp-content\/uploads\/2020\/08\/Unbenannt-300x212.jpg\" data-large-file=\"https:\/\/fliegende-homberger.de\/wp-content\/uploads\/2020\/08\/Unbenannt.jpg\" loading=\"lazy\" src=\"https:\/\/apps.hombergertv.de\/www.fliegende-homberger.de\/wp-content\/uploads\/2020\/08\/Unbenannt.jpg\" alt=\"\" class=\"wp-image-1715\" width=\"730\" height=\"516\" srcset=\"https:\/\/fliegende-homberger.de\/wp-content\/uploads\/2020\/08\/Unbenannt.jpg 714w, https:\/\/fliegende-homberger.de\/wp-content\/uploads\/2020\/08\/Unbenannt-300x212.jpg 300w\" sizes=\"(max-width: 730px) 100vw, 730px\" \/><\/figure><\/div>\n","protected":false},"excerpt":{"rendered":"<p>Dies ist nur eine Kurzfassung der Seite&amp;nbsp;\u201e\u00dcber\u201c.<\/p>\n","protected":false},"author":1,"featured_media":0,"parent":0,"menu_order":1,"comment_status":"closed","ping_status":"closed","template":"","meta":{"spay_email":""},"yoast_head":"<!-- This site is optimized with the Yoast SEO plugin v17.9 - https:\/\/yoast.com\/wordpress\/plugins\/seo\/ -->\n<title>Die Fliegenden Homberger<\/title>\n<meta name=\"description\" content=\"Showakrobatik | Turnen | Tumbling | Tanz | Performance | Die Fliegenden Homberger aus Duisburg\" \/>\n<meta name=\"robots\" content=\"index, follow, max-snippet:-1, max-image-preview:large, max-video-preview:-1\" \/>\n<link rel=\"canonical\" href=\"https:\/\/fliegende-homberger.de\/\" \/>\n<meta property=\"og:locale\" content=\"de_DE\" \/>\n<meta property=\"og:type\" content=\"article\" \/>\n<meta property=\"og:title\" content=\"Die Fliegenden Homberger\" \/>\n<meta property=\"og:description\" content=\"Showakrobatik | Turnen | Tumbling | Tanz | Performance | Die Fliegenden Homberger aus Duisburg\" \/>\n<meta property=\"og:url\" content=\"https:\/\/fliegende-homberger.de\/\" \/>\n<meta property=\"og:site_name\" content=\"Fliegende Homberger - Showakrobatik\" \/>\n<meta property=\"article:publisher\" content=\"https:\/\/www.facebook.com\/FliegendeHomberger\/\" \/>\n<meta property=\"article:modified_time\" content=\"2025-11-09T21:47:57+00:00\" \/>\n<meta property=\"og:image\" content=\"https:\/\/fliegende-homberger.de\/wp-content\/uploads\/2024\/01\/6bec3d67-70da-4511-8ff7-3f29425eb898_rw_1920-2-683x1024.jpg\" \/>\n<meta name=\"twitter:card\" content=\"summary\" \/>\n<meta name=\"twitter:label1\" content=\"Gesch\u00e4tzte Lesezeit\" \/>\n\t<meta name=\"twitter:data1\" content=\"1\u00a0Minute\" \/>\n<script type=\"application\/ld+json\" class=\"yoast-schema-graph\">{\"@context\":\"https:\/\/schema.org\",\"@graph\":[{\"@type\":\"Organization\",\"@id\":\"https:\/\/fliegende-homberger.de\/#organization\",\"name\":\"Fliegende Homberger\",\"url\":\"https:\/\/fliegende-homberger.de\/\",\"sameAs\":[\"https:\/\/www.facebook.com\/FliegendeHomberger\/\",\"https:\/\/www.instagram.com\/fliegendehomberger\/\",\"https:\/\/www.youtube.com\/user\/Buntaries\"],\"logo\":{\"@type\":\"ImageObject\",\"@id\":\"https:\/\/fliegende-homberger.de\/#logo\",\"inLanguage\":\"de\",\"url\":\"https:\/\/fliegende-homberger.de\/wp-content\/uploads\/cropped-12491847_1097494986951888_8353707070040920779_o.jpg\",\"contentUrl\":\"https:\/\/fliegende-homberger.de\/wp-content\/uploads\/cropped-12491847_1097494986951888_8353707070040920779_o.jpg\",\"width\":512,\"height\":512,\"caption\":\"Fliegende Homberger\"},\"image\":{\"@id\":\"https:\/\/fliegende-homberger.de\/#logo\"}},{\"@type\":\"WebSite\",\"@id\":\"https:\/\/fliegende-homberger.de\/#website\",\"url\":\"https:\/\/fliegende-homberger.de\/\",\"name\":\"Fliegende Homberger - Showakrobatik\",\"description\":\"\",\"publisher\":{\"@id\":\"https:\/\/fliegende-homberger.de\/#organization\"},\"potentialAction\":[{\"@type\":\"SearchAction\",\"target\":{\"@type\":\"EntryPoint\",\"urlTemplate\":\"https:\/\/fliegende-homberger.de\/?s={search_term_string}\"},\"query-input\":\"required name=search_term_string\"}],\"inLanguage\":\"de\"},{\"@type\":\"ImageObject\",\"@id\":\"https:\/\/fliegende-homberger.de\/#primaryimage\",\"inLanguage\":\"de\",\"url\":\"https:\/\/fliegende-homberger.de\/wp-content\/uploads\/2024\/01\/6bec3d67-70da-4511-8ff7-3f29425eb898_rw_1920-2.jpg\",\"contentUrl\":\"https:\/\/fliegende-homberger.de\/wp-content\/uploads\/2024\/01\/6bec3d67-70da-4511-8ff7-3f29425eb898_rw_1920-2.jpg\",\"width\":1365,\"height\":2048},{\"@type\":\"WebPage\",\"@id\":\"https:\/\/fliegende-homberger.de\/#webpage\",\"url\":\"https:\/\/fliegende-homberger.de\/\",\"name\":\"Die Fliegenden Homberger\",\"isPartOf\":{\"@id\":\"https:\/\/fliegende-homberger.de\/#website\"},\"primaryImageOfPage\":{\"@id\":\"https:\/\/fliegende-homberger.de\/#primaryimage\"},\"datePublished\":\"2016-12-27T18:43:09+00:00\",\"dateModified\":\"2025-11-09T21:47:57+00:00\",\"description\":\"Showakrobatik | Turnen | Tumbling | Tanz | Performance | Die Fliegenden Homberger aus Duisburg\",\"breadcrumb\":{\"@id\":\"https:\/\/fliegende-homberger.de\/#breadcrumb\"},\"inLanguage\":\"de\",\"potentialAction\":[{\"@type\":\"ReadAction\",\"target\":[\"https:\/\/fliegende-homberger.de\/\"]}]},{\"@type\":\"BreadcrumbList\",\"@id\":\"https:\/\/fliegende-homberger.de\/#breadcrumb\",\"itemListElement\":[{\"@type\":\"ListItem\",\"position\":1,\"name\":\"Startseite\",\"item\":\"https:\/\/fliegende-homberger.de\/\"},{\"@type\":\"ListItem\",\"position\":2,\"name\":\"Die Fliegenden Homberger\"}]}]}<\/script>\n<!-- \/ Yoast SEO plugin. -->","yoast_head_json":{"title":"Die Fliegenden Homberger","description":"Showakrobatik | Turnen | Tumbling | Tanz | Performance | Die Fliegenden Homberger aus Duisburg","robots":{"index":"index","follow":"follow","max-snippet":"max-snippet:-1","max-image-preview":"max-image-preview:large","max-video-preview":"max-video-preview:-1"},"canonical":"https:\/\/fliegende-homberger.de\/","og_locale":"de_DE","og_type":"article","og_title":"Die Fliegenden Homberger","og_description":"Showakrobatik | Turnen | Tumbling | Tanz | Performance | Die Fliegenden Homberger aus Duisburg","og_url":"https:\/\/fliegende-homberger.de\/","og_site_name":"Fliegende Homberger - Showakrobatik","article_publisher":"https:\/\/www.facebook.com\/FliegendeHomberger\/","article_modified_time":"2025-11-09T21:47:57+00:00","og_image":[{"url":"https:\/\/fliegende-homberger.de\/wp-content\/uploads\/2024\/01\/6bec3d67-70da-4511-8ff7-3f29425eb898_rw_1920-2-683x1024.jpg"}],"twitter_card":"summary","twitter_misc":{"Gesch\u00e4tzte Lesezeit":"1\u00a0Minute"},"schema":{"@context":"https:\/\/schema.org","@graph":[{"@type":"Organization","@id":"https:\/\/fliegende-homberger.de\/#organization","name":"Fliegende Homberger","url":"https:\/\/fliegende-homberger.de\/","sameAs":["https:\/\/www.facebook.com\/FliegendeHomberger\/","https:\/\/www.instagram.com\/fliegendehomberger\/","https:\/\/www.youtube.com\/user\/Buntaries"],"logo":{"@type":"ImageObject","@id":"https:\/\/fliegende-homberger.de\/#logo","inLanguage":"de","url":"https:\/\/fliegende-homberger.de\/wp-content\/uploads\/cropped-12491847_1097494986951888_8353707070040920779_o.jpg","contentUrl":"https:\/\/fliegende-homberger.de\/wp-content\/uploads\/cropped-12491847_1097494986951888_8353707070040920779_o.jpg","width":512,"height":512,"caption":"Fliegende Homberger"},"image":{"@id":"https:\/\/fliegende-homberger.de\/#logo"}},{"@type":"WebSite","@id":"https:\/\/fliegende-homberger.de\/#website","url":"https:\/\/fliegende-homberger.de\/","name":"Fliegende Homberger - Showakrobatik","description":"","publisher":{"@id":"https:\/\/fliegende-homberger.de\/#organization"},"potentialAction":[{"@type":"SearchAction","target":{"@type":"EntryPoint","urlTemplate":"https:\/\/fliegende-homberger.de\/?s={search_term_string}"},"query-input":"required name=search_term_string"}],"inLanguage":"de"},{"@type":"ImageObject","@id":"https:\/\/fliegende-homberger.de\/#primaryimage","inLanguage":"de","url":"https:\/\/fliegende-homberger.de\/wp-content\/uploads\/2024\/01\/6bec3d67-70da-4511-8ff7-3f29425eb898_rw_1920-2.jpg","contentUrl":"https:\/\/fliegende-homberger.de\/wp-content\/uploads\/2024\/01\/6bec3d67-70da-4511-8ff7-3f29425eb898_rw_1920-2.jpg","width":1365,"height":2048},{"@type":"WebPage","@id":"https:\/\/fliegende-homberger.de\/#webpage","url":"https:\/\/fliegende-homberger.de\/","name":"Die Fliegenden Homberger","isPartOf":{"@id":"https:\/\/fliegende-homberger.de\/#website"},"primaryImageOfPage":{"@id":"https:\/\/fliegende-homberger.de\/#primaryimage"},"datePublished":"2016-12-27T18:43:09+00:00","dateModified":"2025-11-09T21:47:57+00:00","description":"Showakrobatik | Turnen | Tumbling | Tanz | Performance | Die Fliegenden Homberger aus Duisburg","breadcrumb":{"@id":"https:\/\/fliegende-homberger.de\/#breadcrumb"},"inLanguage":"de","potentialAction":[{"@type":"ReadAction","target":["https:\/\/fliegende-homberger.de\/"]}]},{"@type":"BreadcrumbList","@id":"https:\/\/fliegende-homberger.de\/#breadcrumb","itemListElement":[{"@type":"ListItem","position":1,"name":"Startseite","item":"https:\/\/fliegende-homberger.de\/"},{"@type":"ListItem","position":2,"name":"Die Fliegenden Homberger"}]}]}},"jetpack_sharing_enabled":false,"jetpack_shortlink":"https:\/\/wp.me\/P8mcYR-5","_links":{"self":[{"href":"https:\/\/fliegende-homberger.de\/index.php\/wp-json\/wp\/v2\/pages\/5"}],"collection":[{"href":"https:\/\/fliegende-homberger.de\/index.php\/wp-json\/wp\/v2\/pages"}],"about":[{"href":"https:\/\/fliegende-homberger.de\/index.php\/wp-json\/wp\/v2\/types\/page"}],"author":[{"embeddable":true,"href":"https:\/\/fliegende-homberger.de\/index.php\/wp-json\/wp\/v2\/users\/1"}],"replies":[{"embeddable":true,"href":"https:\/\/fliegende-homberger.de\/index.php\/wp-json\/wp\/v2\/comments?post=5"}],"version-history":[{"count":62,"href":"https:\/\/fliegende-homberger.de\/index.php\/wp-json\/wp\/v2\/pages\/5\/revisions"}],"predecessor-version":[{"id":2347,"href":"https:\/\/fliegende-homberger.de\/index.php\/wp-json\/wp\/v2\/pages\/5\/revisions\/2347"}],"wp:attachment":[{"href":"https:\/\/fliegende-homberger.de\/index.php\/wp-json\/wp\/v2\/media?parent=5"}],"curies":[{"name":"wp","href":"https:\/\/api.w.org\/{rel}","templated":true}]}}